t v(y) = -y**3 + 4*y**2 - 3*y + 6. Determine v(q).
-6
Let f(y) = y + 4. Let c = -74 + 73. Let r be -12*c/2*4/3. Give f(r).
12
Let s = -13 + 19. Let m(c) be the first derivative of 4 + 1/3*c**3 - 4*c**2 + 8*c. Calculate m(s).
-4
Let a(i) = 27*i**2 + 40*i**2 + 45*i**2 + 3*i + 45*i**2 + 23 - 158*i**2. Determine a(0).
23
Let g(c) = c - 4*c + c**3 - 2*c**2 + 1361 - c**2 - 1363. Let h = 4 + 0. What is g(h)?
2
Let m = -11 + 10. Let g be -2 - 0 - 4/m. Let b(l) = -7*l**3 - 1 + 2*l**2 + 4*l**3 - l**2 + 2*l + g*l**3. Give b(2).
-1
Suppose 38*f - 461 + 157 = 0. Let t(r) = 2*r - 10. Let b(u) = -4*u + 20. Let k(h) = -2*b(h) - 5*t(h). What is k(f)?
-6
Suppose -674*k = -647*k - 54. Let y(i) = 12*i - 16. Let h(c) = -3*c + 4. Let s(f) = 9*h(f) + 2*y(f). Determine s(k).
-2
Let r be 2/3 + (-24)/(-18). Let h(a) = 9*a**3 + 2*a**2 + 0*a**2 + a**3 + r - 3. What is h(-1)?
-9
Suppose 23 = 14*x - 19. Let z(t) = -4*t**2 + 4*t - 2. Let o(y) = 3*y**2 - 3*y + 2. Let l(j) = x*o(j) + 2*z(j). Give l(-2).
8
Let z(g) be the second derivative of g**4/12 + g**3 - 6*g**2 + 22*g. Let l(b) be the first derivative of z(b). Give l(-6).
-6
Let r(p) = -p**2 + p - 3. Let b = -76 + 79. Suppose 3*q + 3 = -b*s, 2*q + 4 = -4*s - 0. Give r(q).
-3
Let i be (1 + 7/3)*(-180)/40. Let p(l) = -l**2 - 16*l - 19. Let k be p(i). Let m(j) = -j**3 - 3*j**2 + 5*j + 6. Calculate m(k).
2
Suppose -3*s + 1 = h, -3*h + 5*s + 17 = -0*h. Let g(c) = 0*c**3 - h - 2*c + 2*c + c**3 - c**2 - c. Let y(l) = l**2 + 7*l. Let o be y(-7). Determine g(o).
-4
Let f(k) = 820*k + 826*k - 1661*k. Give f(1).
-15
Let d(p) = 12*p**3 + 43*p**2 + 33*p + 17. Let g(t) = -5*t**3 - 21*t**2 - 17*t - 9. Let a(m) = -2*d(m) - 5*g(m). Determine a(-18).
-7
Let v be -3 + 2 + -1*1. Suppose f + 3 = -s + 4*f, 0 = 5*s - 4*f - 7. Let m(b) = 2*b**s + 1 - 3*b**3 + 0 - 2*b - 2*b**2. Give m(v).
5
Let i(q) = -4*q**2 + 8 + 1 - 21*q - 29*q + 27*q. Determine i(-6).
3
Let u(t) = -t**2 + 13*t - 7. Let b(s) = 6*s**2 - 4*s - 4. Let h be b(2). Give u(h).
5
Let b be 0/1 + 0 + 2. Let h(s) = s**3 + s**2 - 6*s + 3. Let r be h(2). Let z(d) = d**3 + 0*d**r - 2*d**3 - 3 + 3*d - d. What is z(b)?
-7
Let i(v) = -v**3 + 2*v**2 + 21*v - 51. Let p be i(3). Let b(k) be the second derivative of 1/6*k**4 - k**2 + 0 + 1/10*k**5 - 1/2*k**p - 7*k. What is b(-2)?
-4
Suppose f + 9 = -2*f + 3*t, -5*f - 3*t - 23 = 0. Let y(x) = 0 + 3 + 3*x - 4. What is y(f)?
-13
Suppose 7*x = 44 + 33. Suppose -5*p = -1 + x. Let g(j) be the third derivative of -j**6/120 + j**5/60 + j**4/12 - j**3/6 - j**2. Calculate g(p).
7
Let g(q) = q - 6*q - 167 + 173 + 0*q. Give g(3).
-9
Suppose -6 = -4*v + 18. Suppose -12 + 48 = -v*n. Let q(d) = d**2 + 5*d - 4. Give q(n).
2
Let l(z) = 6*z**2 + 1. Suppose 30*m + 96 = 24*m. Suppose 5*b + 79 = 4. Let i = m - b. What is l(i)?
7
Suppose q = -0*j + 4*j + 6, 5*j = -4*q + 3. Let x be (-4)/6*(-3)/q. Let r(p) = -3*p**2 - x + 3*p - 1 + p. Calculate r(2).
-6
Let n(v) = -v - 4. Let t be (-225)/(-36) - (-3)/4. Suppose 5*u - 11 = -1. Suppose 3*b - 31 = 4*w, t*w - u*b + 22 = 4*w. Calculate n(w).
0
Suppose 0 = -5*a - 2 + 22. Let z be (12 + -2)/(2 - 0). Let q(w) = z - 1 - 15*w - a. Calculate q(-1).
15
Let p(s) = s + 1. Let j(o) = -3*o. Let i(l) = j(l) - 3*p(l). Let q(b) = -17*b - 8. Let x(m) = 11*i(m) - 4*q(m). Let d = -90 + 87. What is x(d)?
-7
Let i be (29 + -33)*2/(-160). Let j(c) be the second derivative of 2*c - 1/6*c**4 - 1/2*c**2 + 1/2*c**3 + 0 - i*c**5. Determine j(-3).
-1
Let n(y) = y**3 + 27*y**2 - 28. Let h(j) = j**2 - j + 2. Let g(o) = h(o) + n(o). Give g(-28).
2
Let o(s) = s**2 - 5*s - 19. Suppose -41*f + 405 = 77. Give o(f).
5
Let g(m) = 0 - 2 - 40*m + 6*m**3 - 40*m + 78*m + m**2. Determine g(-2).
-42
Let c be 51/(-34)*(-11)/((-66)/20). Let n(r) = 4*r + 8. Determine n(c).
-12
Let k(x) = x**2 - 2*x - 4. Let z = 1059 - 1051. Calculate k(z).
44
Let d(a) = 3*a - 14. Let x be -5 - 22*(-2)/12*3. What is d(x)?
4
Let k be 99/(-22)*(-4)/(-6). Let g be ((-12)/20)/(k/(-30)). Let j(i) = -i**3 - 6*i**2 - 2*i + 1. Determine j(g).
13
Suppose 12*k - 28 = 8. Let f(r) = 17*r + 2. Determine f(k).
53
Let v(o) = 1. Let u(n) = -n + 5. Let z(l) = u(l) - 2*v(l). Suppose -5*y - 4*d = -y - 724, -544 = -3*y - 2*d. Let g = -177 + y. Give z(g).
-2
Suppose a = 2*a - 2. Suppose 2*r + 9 = a*m + 47, 5*r = -m + 5. Let l = 16 + m. Let d(h) = 10*h. What is d(l)?
10
Let d(s) = -18*s + 12. Let h(b) = -b + 1. Let k(f) = -3*d(f) + 36*h(f). Determine k(-2).
-36
Let c(y) = y**2 + y - 1. Let t(q) = -5*q**2 - 3*q + 18. Let g(o) = 4*c(o) + t(o). Suppose -4*l + 0*l = 0. Give g(l).
14
Let s(o) = -23*o**2. Let l be 6/(-24) - 21/28. Give s(l).
-23
Let b(u) be the first derivative of -3*u**2/2 + 19*u + 136. What is b(10)?
-11
Let l(f) be the first derivative of -f**4/2 + f**3/3 - f**2/2 + f + 2. Let u be 2/(-7) - 45/(-35). Determine l(u).
-1
Let v(f) be the second derivative of 1/3*f**3 + 21*f - 3/2*f**2 + 0. Let y(k) = -k**2 - 7*k - 9. Let r be y(-6). What is v(r)?
-9
Let w(i) = -2*i**3 + 2*i**2 + i. Let n(g) = -g**2 + 9*g - 9. Let b be n(5). Let p = b - 9. Determine w(p).
-6
Let y(n) = -8*n + 10. Let t(z) = -23*z + 30. Let w(u) = -6*t(u) + 17*y(u). Suppose -19*l + 112 = -21. Calculate w(l).
4
Let b be (-84)/35 + (-3)/(45/(-6)). Let g(q) = 6*q - 2. Give g(b).
-14
Suppose -h + 4 = -5*q + 6*q, 0 = -3*h + 3. Let k(u) = -3*u. Calculate k(q).
-9
Let a(k) = 2*k + 6. Let x be a(-8). Let s be x/(-14) - (-13)/((-637)/(-14)). Let t(r) = r. Give t(s).
1
Let j(a) = a**2 + 2*a + 1. Let v(z) = 5*z**2 + 9*z + 17. Let w(l) = -4*j(l) + v(l). What is w(0)?
13
Let n(f) = 5*f - 8. Let v = 9 + -4. Suppose -9 = 3*m + 3, -10 = -5*g - v*m. What is n(g)?
22
Let r = -49 + 62. Let i(v) = r - 28 + 6 + v + 3*v. Give i(6).
15
Let m = -19 + 9. Let c = 5 + m. Let p(a) = -5*a**3 - 10*a**2 + 10. Let d(h) = -h**3 - h**2 + h + 1. Let k(y) = 4*d(y) - p(y). Determine k(c).
-1
Let c(u) be the third derivative of -u**4/24 - 7*u**3/2 - 13*u**2 - 6*u. Determine c(-18).
-3
Suppose 0*b = 3*h - 2*b - 13, 3*h + 2*b = 17. Let t(q) = -2*q + 15. Calculate t(h).
5
Let f = -204 + 201. Let j(i) = i**3 + 3*i**2 + 3*i - 3. Give j(f).
-12
Let r(b) = 7*b + 7. Let p(k) = 4 + 3 + 26*k - 1 - 20*k. Let q(j) = 6*p(j) - 5*r(j). Let y be (-12)/30*(-15)/(-1). Give q(y).
-5
Let a(k) = 5*k**2 - 4*k + 4. Let b be a(2). Let u be b/(-3) - (-32)/24. Let w(x) = -x**2 - 4*x. Give w(u).
0
Let p(v) = -2*v + 5. Let n = 765 - 759. What is p(n)?
-7
Let c(s) = 4*s**2 + 32*s + 1. Let q be c(-8). Let m(i) be the second derivative of i**5/20 - i**4/12 + i**3/3 - i**2/2 - i. What is m(q)?
1
Let i(d) = 6*d**2 + d. Let g be 16 - (3 - -5)/(-4). Suppose 0*s = 3*s - g. Suppose 0 = 5*t + s - 1. Calculate i(t).
5
Let u(r) = -7*r + 2. Let w(p) = p. Let j(s) = u(s) + 6*w(s). Let x = -575 - -569. Calculate j(x).
8
Let l(v) be the first derivative of -20 + 8*v - 1/4*v**4 - v**2 + 2*v**3. Calculate l(6).
-4
Let x(o) = 4*o**3 + 9*o**2 + 2*o - 3. Let g(n) = -11*n**3 - 25*n**2 - 5*n + 10. Let l(q) = 3*g(q) + 8*x(q). Give l(-3).
3
Suppose -11 = 2*p + 5*q - 2*q, 0 = -p + q + 7. Let l be (-6)/((5 - 3)/p). Let r(x) = x + 4. Calculate r(l).
-2
Let v(m) be the first derivative of -m**4/2 - m**3 - 4*m - 15. Give v(-3).
23
Let d(x) = -x - 8. Let o be 2/(-4)*(71 - 83). Calculate d(o).
-14
Let p(j) be the first derivative of j**4/4 - 5*j**3/3 + j**2/2 - 3*j - 1. Suppose 2*d + 0*o - 7 = 5*o, -d + 4*o = -5. Let m = d + 4. Determine p(m).
2
Let k(g) = -g + 1. Let h = 16 - 10. Let q = -4 + h. Let c be (-3*2)/(0 - q). Calculate k(c).
-2
Let j(m) = -m - 8. Let u = 51 - 47. Let x be -1 - (u - (-1 - 0)). Give j(x).
-2
Suppose -1381 = 4*i - 1353. Let g(d) = -d**3 - 7*d**2 + 3*d + 16. Determine g(i).
-5
Let y(i) = -i. Let z(p) = -3*p**3 - 2*p**2 - 3*p + 3. Let a be z(-4). Let w be 3/(-9) + a/21. Let b = 14 - w. Calculate y(b).
-6
Let v(w) be the first derivative of -w**3 + w + 47. Let j be ((-6)/9 - 0)*-3. Suppose j*b = 4*n + 3*b - 12, 0 = -5*n - 2*b + 18. Determine v(n).
-11
Let q(j) be the third derivative of 6*j**2 - 1/3*j**3 + 0*j + 1/60*j**5 + 7/24*j**4 + 0. What is q(-6)?
-8
Let b(t) = t**3 - 2*t**2. Let c(j) = j**3 - 5*j**2 + 4*j + 1. Let y(z) = -3*b(z) + c(z). Calculate y(-2).
13
Let j(s) = -3*s - 12. Suppose -3*g + 3*l - 21 = 6, -3*g - 33 = -5*l. Let k be j(g). Let b(i) = i + 6. Give b(k).
12
Let b(n) be the third d